the remainder when h is divided by 11.
9
Let j(b) = 2*b**3 - 2*b - 2*b**2 + 4 + 3*b + 3*b - 7*b. Calculate the remainder when 27 is divided by j(2).
3
Let d = 163 + -74. Calculate the remainder when 322 is divided by d.
55
Let w = -161 + 184. Calculate the remainder when 37 is divided by w.
14
Suppose 45 - 15 = 10*h. Suppose 3*q = -5*t + 352, 2*q = 5*t + 113 - 470. What is the remainder when t is divided by (7 - 1)/(1/h)?
17
Let f(x) = x**2 - 5*x + 1. Suppose 0 = -2*a + 7 + 7. Suppose 2*v + 40 = a*v. What is the remainder when f(v) is divided by 9?
7
Suppose 46 = 12*z - 14. Let v(q) = q + 3. What is the remainder when 30 is divided by v(z)?
6
Calculate the remainder when -2 - (-3 + 4)*-64 is divided by 17.
11
Let i(s) = -3*s - 8. Let v be i(-4). Suppose -r + v*r = 81. Let y = r - 21. What is the remainder when 16 is divided by y?
4
Let c be 6/(-2) + (-24)/(-2 + -6). Suppose i = -c*i + 29. What is the remainder when 79 is divided by i?
21
Suppose 0 = -24*q + 19*q + 10, -3*z + 13 = -q. Let u = 0 + 2. Suppose 2*p - 2*m - 9 = 15, u*p - 29 = 3*m. Calculate the remainder when p is divided by z.
2
Let q = -2567 + 2682. What is the remainder when 2757 is divided by q?
112
Suppose 0 = -3*h + 4*o - 31, h + 4*h - 4*o = -49. Let y be (9/h)/((-1)/111). Let a = -58 + y. What is the remainder when a is divided by 14?
11
Suppose -4*a - 2380 = -14*a. Calculate the remainder when a is divided by 61.
55
Suppose 0 = 8*n - 62 - 114. Let x = 71 - 8. Calculate the remainder when x is divided by n.
19
Let m be (2 - 0)*20/8. Suppose k - 162 = -m*g, 4*k - 2*k = -4*g + 132. Calculate the remainder when 95 is divided by g.
31
Let b(u) = -6*u - 3. Calculate the remainder when (34/(-4))/(-17)*144 - 2 is divided by b(-3).
10
Let p = 268 + -252. Calculate the remainder when 140 is divided by p.
12
What is the remainder when 485 is divided by 0 + (1/(-2))/(10/(-1400))?
65
Suppose 0 = -3*s - 4*a - 363, s = 6*s + 5*a + 605. Let f = -70 - s. Calculate the remainder when f is divided by 13.
12
Let i(s) be the third derivative of -s**6/120 - s**5/12 + s**4/3 - s**3/3 + 12*s**2. What is the remainder when i(-7) is divided by 7?
5
Suppose -7 - 3 = -5*o. Suppose o = -9*t + 10*t. Suppose 5*a = t*f + 362, 5*a = -4*f + f + 382. Calculate the remainder when a is divided by 26.
22
Suppose 2*z - 5*x = 35, -7*x + 76 = 4*z - 11*x. What is the remainder when 114 is divided by z?
14
Suppose -48*c = -43*c - 255. Let k(t) = t**2 - 7*t + 5. Let q = 1 - -7. Calculate the remainder when c is divided by k(q).
12
Suppose -q + 4*y - 17 = 0, -5*q + 4*y - y = 0. Suppose -2*g - 22 = -3*i, 2*i + q*g + 3 = -i. What is the remainder when 33 is divided by i/2 - 3*-5?
16
Let r = 1212 - 1205. Suppose 45 = 2*i + 9. What is the remainder when i is divided by r?
4
Let z = -108 + 141. What is the remainder when 97 is divided by z?
31
Let y(h) = h**3 - 30*h**2 - 27*h - 106. What is the remainder when 47 is divided by y(31)?
11
Let b = 110 - -59. Calculate the remainder when b is divided by 44.
37
Suppose 0 = -4*b - 5*l - 336, 2*b + 2*b - 4*l = -336. Let d = b + 149. Calculate the remainder when d is divided by 34.
31
Suppose 2979 = 7*u + 2797. Calculate the remainder when u is divided by 16.
10
Let t = -218 - -152. What is the remainder when t/(-30) + -2 - 234/(-5) is divided by (1 - (16 - -1))*-1?
15
Suppose 2*r = g + 15, 15 = 5*r - 2*g - 23. Let w(p) = p - 3. Let j = 38 + -14. What is the remainder when j is divided by w(r)?
4
Suppose f - 24 = 2*g, 0*g - g = f - 18. Suppose 46 - 9 = -3*o - p, -4*p = -8. Let v = o + f. Calculate the remainder when 20 is divided by v.
6
Let p(q) be the second derivative of q**5/20 - 7*q**4/3 + 26*q**3/3 + 21*q**2/2 - q + 1. What is the remainder when p(26) is divided by 13?
8
Suppose d - 3*z + 6*z = 4, 0 = 2*z. Suppose -k = -155 - d. What is the remainder when k is divided by 32?
31
Let n be 1 + (-1 - 1) - -1. Suppose n = -2*i - 3*i + 295. Calculate the remainder when i is divided by 31.
28
Suppose -23*x + 1609 + 461 = 0. Calculate the remainder when x is divided by 41.
8
Suppose 14*b = -c + 11*b + 238, 3*c - 3*b = 690. What is the remainder when c is divided by 64?
40
Suppose 4*w = 3*o + 32, -3*w - 3*o - 1 + 4 = 0. Suppose -m + w*m - 16 = 0. Suppose m*p - 73 = 7. Calculate the remainder when p is divided by 12.
8
Let q(d) = -3*d + 8. What is the remainder when q(-4) is divided by -39*(-1)/5 - (-3)/15?
4
Suppose 0*d - 15 = d. Let t be (20/d)/(2/24). Let b = t + 48. What is the remainder when b is divided by 18?
14
Let j = 35 + -20. Let z = -30 - -16. Let o = z + 20. Calculate the remainder when j is divided by o.
3
Let x = -40 - -89. Calculate the remainder when 190 is divided by x.
43
Suppose 2*i - 6 = -2*j, 3*i = -i + 5*j + 12. Suppose 2*f - 4 = -3*l, i*l = -4*f - f + 28. What is the remainder when 22 is divided by f?
6
Let s = 1386 + -1340. Calculate the remainder when 458 is divided by s.
44
Suppose 6*t - 8 = 5*t. Let m(h) = -h**3 + 2*h**2 + 21*h - 32. Calculate the remainder when m(3) is divided by t.
6
Let u(p) = p**3 + 29*p**2 - 61*p + 55. What is the remainder when u(-31) is divided by 15?
9
Let z = 27 - 16. What is the remainder when (-4)/(-6) - ((-10160)/24)/10 is divided by z?
10
Let b = 133 - 109. What is the remainder when b is divided by 18?
6
Let m = -79 + 29. Let w be -1 - (2 - 3) - m. Let g = -19 + w. Calculate the remainder when 122 is divided by g.
29
Let m(q) = 150*q - 3. Let h be m(1). Let o = -84 + h. What is the remainder when 44 is divided by (-3 - -3) + o/7?
8
Let i(d) be the third derivative of d**5/60 - 5*d**4/24 - d**3/6 - 3*d**2. Let c be i(4). Calculate the remainder when 18 is divided by (1 + c)/(6/(-15)).
8
Suppose 0 = 5*q - 10, 0*q + 13 = 5*o - q. Suppose 0 = 5*x - 35 - 25. Calculate the remainder when (44/(-6))/((-1)/o) is divided by x.
10
Let s be (-3 - (-5 + 4)) + 70. Let h = s - 45. Calculate the remainder when 66 is divided by h.
20
Let a(c) be the first derivative of 7*c**2 - 7*c - 4. Let v be a(6). Let y = v + -24. What is the remainder when y is divided by 14?
11
Suppose -14*x = -31*x + 646. Calculate the remainder when x is divided by 10.
8
Let l(x) = x + 13. Let z be l(-13). Let d be 0 + (-2 + z - -4). Suppose 42 = d*p + p. Calculate the remainder when 53 is divided by p.
11
Suppose 6 + 14 = 2*u. Suppose 0 = 5*r + 15, u*l + 4*r = 5*l + 188. Suppose -f = 4*f - w - 48, 3*f + 5*w = l. Calculate the remainder when f is divided by 4.
2
Suppose 0 = 22*w - 4*w - 162. Let b = 71 - 123. Let n = -36 - b. What is the remainder when n is divided by w?
7
Let m(r) = 43*r + 14. Calculate the remainder when m(2) is divided by 34.
32
Let x(l) = 2*l**2 + 12*l + 10. Let u be x(-8). Suppose 0 = -u*k + 38*k + 40. What is the remainder when 27 is divided by k?
7
Let r = 10 - 11. Calculate the remainder when (r/(2/(-12)))/(2/6) is divided by 3.
0
Let f(j) = j**2 + 33*j + 182. Calculate the remainder when 50 is divided by f(-6).
10
Let r(v) = -2*v - 1. Suppose 14*g - 11*g + 18 = 0. What is the remainder when 32 is divided by r(g)?
10
Suppose -5*a = 15, -208 - 118 = -5*t + 2*a. What is the remainder when t is divided by 14?
8
Suppose -193*r = -195*r - 76. Let s = r + 41. What is the remainder when 8 is divided by s?
2
Suppose 5*q + 23*q - 644 = 0. Calculate the remainder when 988 is divided by q.
22
Suppose 6*j = -0*j + 216. Suppose -4*o = 2*r - j, 3*r - 2*r = -o + 11. Suppose t - 10 - 8 = 0. Calculate the remainder when t is divided by o.
4
What is the remainder when ((-35)/(-10) - 4)/((-1)/182) is divided by 23?
22
Let p = -77 - -176. Let l = p - 60. Suppose 5*r = 4*r + 21. What is the remainder when l is divided by r?
18
Suppose 8*v = -3*v + 44. Suppose 5*m + 239 = 3*s + 34, 2*s + m - 141 = 0. What is the remainder when s is divided by v/(-6)*6*-6?
22
Suppose 5*o - 58 = 4*g, 40 = 3*o - 0*o - 5*g. Calculate the remainder when (39 - 34)*(-1)/(o/(-62)) is divided by 11.
9
Suppose 65 = m - w - 3*w, -3*m - 4*w + 243 = 0. What is the remainder when m is divided by 13?
12
Let g(j) = 2*j + 2. Let o be g(0). Suppose c - o*x = 2*c - 8, 3*c - x - 3 = 0. Calculate the remainder when 29 is divided by c*2/4 - -7.
5
Let m(t) = -3 + t**3 - 5*t - 6*t**2 - 2*t**2 + 3*t**2. Suppose -2*a = -0*a - 12. What is the remainder when 8 is divided by m(a)?
2
Calculate the remainder w